 (c - -1) composite?
False
Let r(y) = -5*y**3 - 2*y**2 - 2*y. Let w = 2 + -4. Let a be r(w). Suppose -k = -2*q + a, -3*k = -3*q - q + 70. Is q a composite number?
False
Let s(q) = -q**2 - 20*q - 33. Is s(-16) a prime number?
True
Let s(t) = 3*t**3 - t**2 - 2. Let a(y) = 4*y**3 - 1. Let q(l) = 3*a(l) - 2*s(l). Is q(3) a prime number?
True
Let r(o) = o + 14. Let x be r(-9). Is 2/(-5) + 447/x a composite number?
False
Suppose -3*w + 6*w = 24. Let b = 12 - w. Suppose 0*k - 76 = -b*k. Is k a composite number?
False
Suppose -38 = 2*l + g + 10, 2*g - 80 = 4*l. Is (l/(-3))/(2/21) a composite number?
True
Let y be 6/4*56/12. Suppose 0 = 4*m + y - 31. Let g(z) = 6*z + 1. Is g(m) a prime number?
True
Suppose 4*a + 5479 = -k, -5*a + 1663 = -4*k + 8538. Is 0 + 4/((-12)/a) a prime number?
True
Suppose p = -2*f + 11 + 19, -89 = -5*f + p. Let s = 112 - f. Is s a prime number?
False
Suppose -4*m = 4*z - 5*z + 10, 5*z - 2*m = 32. Let o be 9/z*(-16)/(-6). Suppose o = 2*j - 0*j. Is j a prime number?
True
Let g(q) = q**2 + 5*q - 8. Let c(y) = -4*y + 7. Let i(l) = 4*c(l) + 3*g(l). Let u = 1 + -4. Is i(u) a composite number?
True
Let l(m) = 36*m + 1. Is l(1) prime?
True
Suppose 0 = -5*b + 782 + 548. Let k = b - 57. Is k prime?
False
Suppose -2*z = 3*s - 10, 3*z + 0*z - 2*s = 2. Suppose -z + 6 = 2*c. Suppose -5*y + 3*m + 375 = 28, -5*y = c*m - 327. Is y a composite number?
False
Suppose 5*t = -3*r + 3*t + 1678, -2*r = -t - 1107. Suppose 2*b = 7*b - 15. Is r/b + 1/(-3) composite?
True
Suppose -1 = -3*m + 5. Suppose -w - m*w = 54. Let a = 28 + w. Is a a composite number?
True
Let q be (-1 - 1) + (6 - -18). Suppose s = 5*f - q, f - 2*f = -4*s - 12. Let n = -1 + f. Is n composite?
False
Suppose 0 = 3*j - 5*p - 10 - 17, -j = -3*p - 5. Let n(o) = 35*o - 21. Is n(j) a prime number?
False
Suppose -5*x + 3*x + 4060 = 0. Let o = -1215 + x. Is o composite?
True
Let n(c) = -4*c**3 - 3*c**2 - 2*c. Is n(-3) composite?
True
Let p(q) = q**2 - q + 331. Suppose k = 6*k - 3*i + 3, 5 = 2*k + 5*i. Is p(k) prime?
True
Let n = -2 + 8. Is n + -3 - 3 - -35 composite?
True
Let f be 1/(3*(-2)/(-24)). Is ((-62)/f)/(1/(-2)) composite?
False
Let s = 16 - 13. Let k be -2 - -3 - 1 - -94. Suppose z + k = s*z. Is z a prime number?
True
Suppose 5394 - 1197 = 3*i. Is i composite?
False
Let g be (-1)/(-6) - 104/48. Is (0/g)/4 - -119 a prime number?
False
Let d(y) = -2*y**2 + 5*y - 3. Let w be d(3). Let g = -4 - w. Is g + -2 + (-2 - -55) a prime number?
True
Let o(i) = -371*i + 15. Is o(-4) composite?
False
Is (2 - 5/5)/(1/109) composite?
False
Is (-10220)/(-12) + (-10)/15 a prime number?
False
Let k(s) = -30*s + 2. Let r be k(-12). Suppose f + 5*y + 52 = 176, -3*f - 5*y + r = 0. Is f prime?
False
Let w(q) = q - 5. Let c be w(6). Suppose 7 = 4*y - c. Suppose -15 = y*z - 77. Is z a composite number?
False
Let i(l) be the first derivative of 8*l**6/45 + l**4/24 + l**3/3 + 2. Let u(q) be the third derivative of i(q). Is u(-1) a prime number?
False
Let j be ((-4)/5)/(3/(-15)). Is ((-62)/j)/(1/(-2)) a prime number?
True
Let a = 1075 - 444. Is a a prime number?
True
Suppose l - 3*l = -226. Is l composite?
False
Let d be (-4)/(((-5)/2)/(-5)). Let z = d - -11. Suppose -212 = -z*w + 79. Is w prime?
True
Let s(c) = -c**2 - 6*c. Let i be s(-5). Suppose 4*n = -f + 3*f - 2, 4*f - 10 = i*n. Suppose 50 = n*z + 3*z. Is z a prime number?
False
Suppose -4*z - 190 = -6*z. Is z a prime number?
False
Let u = -3324 - -1354. Is 4/6 + u/(-6) a composite number?
True
Suppose 5*y + 23 = 4*x - 94, -4*x - 133 = 5*y. Let b = y + 60. Is b a composite number?
True
Let x = -439 - -977. Let c = x - 231. Is c a composite number?
False
Let h = 8 - 4. Suppose -5*t + h*t = 5*n - 20, -4*n - 2*t + 10 = 0. Suppose 2*w - 7*w + 227 = 4*g, 245 = n*w - 5*g. Is w prime?
True
Suppose -c - 16 = -5*c. Suppose -c = -0*l - l. Suppose -5*s + 153 = l*d, -19 - 128 = -4*d + s. Is d prime?
True
Suppose -4*p + 251 = -761. Is p prime?
False
Suppose -2*t + 3*j = -64, -t - 2*j + 5*j + 38 = 0. Is (-2 + 4)/(4/t) prime?
True
Suppose -516 = -4*b + 128. Is b a prime number?
False
Is 2*(-381)/(-6)*1 prime?
True
Let u = -1617 + 3424. Is u prime?
False
Let z = 0 + 0. Suppose z = -2*d - 11 + 39. Is d composite?
True
Suppose 2*w + z + 2*z = 597, -4*w = -5*z - 1139. Is w prime?
False
Suppose 0 = 2*k - 340 - 642. Is k a prime number?
True
Let v(j) be the second derivative of 0 - 4*j**2 - j + 13/6*j**3 - 1/12*j**4. Is v(7) a composite number?
True
Let b = 1319 + -526. Is b composite?
True
Suppose 0 = 3*m + 2*s - 0*s - 877, -3*m + 3*s + 867 = 0. Is m a prime number?
False
Is ((-18902)/(-39))/((-2)/(-15)) a prime number?
False
Let a = -18 + 26. Suppose -4*o + a*o = 476. Is o prime?
False
Suppose 3*u = 3*t + 51 - 231, -4*u = -3*t + 177. Let w = t + -32. Is w prime?
True
Let m be (-4)/6 - (-55)/15. Suppose 0*i = m*i - 12. Suppose -i*u + 42 = -34. Is u composite?
False
Suppose 2*r + 5*a + 45 = -0*r, -3*r - 25 = -a. Let m = r + 24. Is m a composite number?
True
Let a = 53 - 39. Is a a composite number?
True
Let d(v) = 54*v**2 - 4*v + 3. Is d(2) composite?
False
Let f be 0/7 + (-4)/(-2). Is (182/f)/(2 + -1) composite?
True
Let w = -163 + 373. Let t(r) = -21*r - 10. Let i be t(5). Let c = w + i. Is c prime?
False
Suppose -785 = -3*g - 2*t + 4*t, -2*g - 4*t = -534. Is g prime?
True
Is ((-245)/20)/(-7)*2452 composite?
True
Suppose 7138 = 2*k + 5*m, 5*k + 0*m - 17791 = m. Suppose -v = 3*r - 871, -3*r + 0*r = -4*v + k. Let o = -621 + v. Is o prime?
False
Suppose 0*w = 2*w + 668. Let r = -171 - w. Is r a composite number?
False
Suppose 0 = 4*g - 5*r - 16, g - 4 = 3*r + r. Let x = g - 0. Suppose -4*w + 4*v = -158 + 18, -x*w + 136 = -2*v. Is w a composite number?
True
Suppose -2*x + 83 = -87. Is x a composite number?
True
Let u be 0/(-2) - (-40)/8. Suppose 3*z = -5*d + 941, d + 672 = u*z - 915. Is z a composite number?
False
Suppose 18 = 2*l - 18. Suppose 2*c - 8 = l. Suppose z - 9 - c = 0. Is z composite?
True
Suppose -4*m + 175 - 19 = 0. Is m a prime number?
False
Let n(i) be the first derivative of -17*i**4/12 - i**3/6 - i**2 + 1. Let k(u) be the second derivative of n(u). Is k(-2) a composite number?
False
Suppose 4*x - 12 = -4*c, 3*x - c + 0*c = 1. Suppose 3*h + x = 2*h. Is (-1)/((-288)/(-291) + h) a composite number?
False
Let s(f) = f**3 - 2*f**2 + 3*f - 3. Let h be s(2). Let m be ((-261)/6)/(h/(-8)). Let b = m - 79. Is b prime?
True
Suppose 4*y = 417 - 157. Let z = 152 - y. Let f = 124 - z. Is f composite?
False
Let y(i) = i**3 + i + 2. Let p = 0 - 2. Let t be y(p). Let a = t + 82. Is a prime?
False
Suppose 5*u = 2*t + 3*t - 8475, -5*t - 5*u = -8455. Is t composite?
False
Suppose 0 = 5*m - m - 4, -3*o + 4*m + 35 = 0. Is o prime?
True
Let t = 888 + -383. Is t a prime number?
False
Let g be 14/2 + 3 + -6. Suppose -g*a - 14 + 146 = 0. Is a a composite number?
True
Suppose 3*h - 2*h - 47 = 0. Suppose 93 = 5*i - h. Suppose 0*a + 4*a = i. Is a composite?
False
Suppose 0 = 3*q + 3*q - 2838. Is q composite?
True
Suppose -4*u + 162 + 730 = 0. Is u a composite number?
False
Suppose -7 = -2*w + 1. Suppose 14 = 5*c + w. Suppose c*a - 18 = -0*a. Is a prime?
False
Let l = -27 + 49. Is l composite?
True
Suppose -6 = -3*r - 0. Is (42/(-12))/(r/(-20)) a prime number?
False
Let d be 0 + -2 - (-10)/(-2). Let o = d - -9. Suppose -72 = -4*y + o*p, y + 5*p - 30 + 1 = 0. Is y prime?
True
Suppose 4*q - 2*q = -5*x + 1179, 5*q - 2931 = 4*x. Is q composite?
False
Suppose 5*p - 3*n = 392, -p - n - 2*n = -82. Is p a composite number?
False
Let b(c) = 4*c**2 - 3*c + 3. Let j be b(4). Let p = -37 - -48. Is 2/p - (-2905)/j a composite number?
False
Let f = -419 + 976. Is f composite?
False
Let r(c) = 4*c - 13. Is r(11) a prime number?
True
Let a be 17/4 + 1/(-4). Suppose a*l - 1 = 2*n - 5, 0 = -2*l + 2*n. Is 37*(-3 - l)/(-1) a composite number?
False
Let a be (-2)/3 - (-2848)/24. Suppose a = 5*z - 2*q - q, 1 = -q. Is z composite?
False
Let i(o) = -14*o - 9. Let m = -20 - -9. Is i(m) composite?
True
Suppose 6*h = 3*h - 6. Let d(z) = -13*z**3 - 2*z**2 - 3*z - 3. Let f be d(h). Let x = f - 62. Is x prime?
True
Let o = 14 + -12. Is o composite?
False
Let i(t) = -t**3 + 2. Let c be i(0). Suppose 0*b + c*b - 5*s = 11, 27 = -b - 4*s. Let n(g) = -18*g + 1. Is n(b) a prime number?
True
Suppose 4*w - 217 = -5*z, -z + 